 u + 470. Calculate f(-8).
-2
Let z = 7 - 3. Let s = z - -1. Let l(i) = -i + 3. Calculate l(s).
-2
Let k(l) = 4*l - 116. Let j be k(31). Let b(h) = -h**2 + 6*h - 11. Determine b(j).
-27
Let q(z) = -253*z**2 - 3*z**3 - 4 + 234*z**2 + 4*z**3 + 2*z + 22*z**2. Determine q(-3).
-10
Let u(m) be the first derivative of -28 - 6*m + 3*m**2 + 4/3*m**3 - 1/4*m**4. Suppose 0 = -3*r + 4*b - 1, -3*r - b + 19 = 0. Give u(r).
-1
Let j(u) = -4*u**2 + 21. Let z be j(3). Let k(h) = -h + 4. Determine k(z).
19
Suppose 5*i + x - 3 = 4*i, -3 = -i - 4*x. Let p(d) = -1 + 3*d**2 + 2*d**3 - 9*d**2 + 2*d + 2*d**2. Calculate p(i).
23
Let w(l) = -187569*l**3 + 3*l + 187570*l**3 - 5*l**2 - 21 + 17. Suppose 0*h + 8 = 2*h. Calculate w(h).
-8
Let g(v) = v**2 + 4*v. Let j be -18*((-10)/(-6) - 2). Let x be 4/(14 + 2)*(-2 + j). Let b(t) = -t + 1. Let r(d) = x*g(d) - 4*b(d). Calculate r(-6).
-16
Let v(a) = 39*a - 76. Suppose 0 = 3*b + 2*z, -b + 4*z - 18 = -32. Determine v(b).
2
Let b = 253 + -257. Let o(r) = 2*r**3 + 8*r**2 - 3. Let n be o(b). Let p(h) = h + 1. What is p(n)?
-2
Let g(b) = b**3 - 5*b**2 - 2*b - 7. Suppose 20 = 2*w - 2*k, -95*k = 2*w - 90*k + 8. What is g(w)?
17
Suppose -55 = -5*k - 595. Let q = -59 - k. Let w = 38 - q. Let o(u) = -u**3 - 11*u**2 - u - 3. Determine o(w).
8
Let i(x) = -23*x + 2. Let o(f) = 55*f - 5. Let r(w) = 11*i(w) + 5*o(w). Determine r(-1).
-25
Suppose 0 = 5*p + 28 - 28. Suppose 14*y - 42 + 0 = p. Let u(v) = 2*v - 9. Calculate u(y).
-3
Let z(d) = 3*d + 4. Let v(c) be the third derivative of c**6/30 - 13*c**5/12 + 5*c**4/8 + 10*c**3/3 - 56*c**2 + 2*c. Let m be v(16). Give z(m).
16
Let a be 18/(-45) - 92/(-5). Suppose a = -6*s + 12*s. Let q = s + -5. Let o(l) = -l**3 - l**2 + 2*l + 2. Determine o(q).
2
Let w be (-1 - (1 + -8)) + -1. Let z be (29/3)/1 - (-26)/78. Let s(g) = -7*g - z + g**2 - 10 + 14. Determine s(w).
-16
Let b(d) = d**2 + 89*d + 1874. Let m be b(-34). Let x(o) = -o**3 + 4*o**2 - 3*o + 1. Determine x(m).
-11
Suppose 4*y = 4*z + 16, -z + 32 - 6 = 5*y. Let n(l) = -12 - y*l + l**2 - 8 - 11 + 28. Calculate n(3).
-9
Let j(p) be the second derivative of -17*p**3/6 + 291*p**2/2 + 5673*p. Calculate j(17).
2
Let z(i) = 5*i**3 - i + 1. Let y(c) = -c**2 - 31*c - 29. Suppose 11 = -3*d + 26, 22 = -2*w + 4*d. Let q be y(w). Calculate z(q).
5
Let y(s) be the third derivative of -s**6/30 - s**5/12 - 8*s**2 - 2*s. Let d be y(-1). Let f(w) = -4*w + 1. Determine f(d).
5
Let i be 4*((-1)/5)/(2/(-95)). Suppose -43*b + 15 = -i*b. Suppose b - 2 = -3*f - 4*p, -p = -5*f - 40. Let m(l) = -l - 4. What is m(f)?
3
Let x(f) = f**2 + 4966*f - 14903*f + 4972*f + 18 + 4973*f. Calculate x(-5).
3
Suppose -2*p - 3*j = -0*j - 2, 5*p - j = -29. Let m(n) = -11*n - 74. Give m(p).
-19
Suppose 5*c + 10 = 0, 0 = -j + 5*j - 3*c - 18. Let f(m) = 126*m**2 - 241*m**2 + j - 2*m**3 + 117*m**2. What is f(2)?
-5
Let o(l) = -382*l - 1 - 387*l + 768*l. Let r(h) = -7*h - 2. Suppose 3*f - i = 21, -5*f - 3*i = -2 - 19. Let m(j) = f*o(j) - r(j). What is m(5)?
1
Suppose 5*w = -0*w + 95. Let u(d) = 60*d - 397. Let q be u(7). Let i = q - w. Let c(h) = h**2 - 2*h. What is c(i)?
8
Let h(r) = 5*r**2 + r + 8. Let g(v) = 14*v**2 - 30*v + 13. Let j(s) = -g(s) + 3*h(s). What is j(-33)?
11
Let h(i) = -31004 + 31002 + 4*i - 3*i**2 + 4*i**2. Determine h(-5).
3
Let j(l) = -13*l**2 + 17*l + 19. Let s(m) = m**3 + 4*m**2 - m + 1. Let y(h) = -j(h) - s(h). What is y(4)?
-4
Let x(f) = -3*f - 5. Let y(w) = w + 6. Let t be y(6). Suppose -12 = 3*a, u - a - a - t = 0. Let i be (-1 - u) + (0 - 0). Give x(i).
10
Let x(l) be the first derivative of -l**4/4 - 2*l**3/3 - 3*l**2/2 - 5*l - 4. Let z be x(-2). Let h(i) = -z - i - i**2 + 2 + 0*i. Give h(-2).
-1
Let s(k) = k**3 - 3*k**2 - 3*k - 2. Let p be s(4). Let q(a) = -825*a + 832*a - 4*a**2 + a**2 + 11 + 2*a**p. Determine q(8).
3
Let s(b) = -2*b**3 + 6*b**2 - 9*b + 35. Suppose 4*v = 94*p - 97*p + 29, -22 = -4*p - 2*v. What is s(p)?
8
Let x(k) = -67*k + 3. Let i(a) = 34*a + 2. Let s(w) = 2*i(w) + x(w). Let g be -6*(1 - 1/3). Let j(t) = t**2 + 7*t + 6. Let n be j(g). Determine s(n).
1
Let l be (-18)/(-15)*(-15)/9. Let g(m) be the first derivative of m**4/4 + m**3 + m**2/2 + 7. What is g(l)?
2
Let k(y) be the third derivative of 3*y**5/20 + y**4/8 - y**3/3 - 5*y**2 + 5*y. Calculate k(1).
10
Let c(z) be the first derivative of -41 - 1/4*z**4 + 2*z**3 - 5/2*z**2 + 6*z. Give c(4).
18
Let z = 22 + -61. Let i = z + 68. Suppose -3*k - 5*h = i, -k + 7 = 3*h + 22. Let x(b) = 2*b**2 + 2*b + 1. Give x(k).
13
Let d = -154 + 169. Let m(n) = 9 - 12*n**2 + 10*n + d*n**2 - 2*n**2. Calculate m(-7).
-12
Let w = 1 - 3. Let a be w + 6 + (1 - 2). Let q be a - 0 - (0 + 2). Let u(n) = -2*n**2. Give u(q).
-2
Let d(v) be the first derivative of v**4/4 - 6*v**3 + 7*v**2/2 + 13*v - 4459. Give d(18).
139
Let g(v) = -2*v**3 + 3*v**2 + 7*v + 9. Let z be g(-2). Let r = -22 + z. Let k(p) = -10*p + 9*p - 2 + 1 - r. Determine k(-3).
1
Let z = 188 - 196. Let w be 45/(-10)*z/(-12). Let q(u) = -9*u - 6. What is q(w)?
21
Let g(f) = -48*f - 141 + 49*f + 221. Calculate g(-38).
42
Let s(q) be the second derivative of -1/12*q**4 + 3*q**2 + 1/3*q**3 + 0 + 61*q. Give s(-4).
-18
Let d(b) = -4*b**3 + 2*b**2 + 14*b + 10. Let w be d(-4). Let r = -244 + w. Let y(k) = -k**2 + 4. Calculate y(r).
0
Suppose 100*u + 29*u + 774 = 0. Let w(b) be the third derivative of b**6/120 + b**5/12 - 5*b**4/12 - 7*b**3/6 - 2*b**2. What is w(u)?
17
Let o = 7 - 5. Let a(j) be the first derivative of -j**4/4 + j**3 - j**2/2 + j + 28676. Calculate a(o).
3
Let d = 212 - 200. Let l(r) = -22*r**2 + d*r**2 + 11*r**2 + 1 + 2 - 7*r. What is l(5)?
-7
Let h(a) be the first derivative of a**2/2 - 8*a + 1. Suppose -10*j - 70 = 100. Let x(u) = u**2 + 5*u - 195. Let i be x(j). What is h(i)?
1
Let d = 557 - 556. Suppose 0 = 6*l + d - 49. Let h(v) = v - 18. Give h(l).
-10
Let j(p) = 14*p + 101*p + 15 - 31*p - 40*p - 35*p. Give j(-10).
-75
Let z(x) = 2*x**3 + 9*x**2 + x - 2. Let g be 4*(195/13)/(-15). Give z(g).
10
Let h(i) = -2*i**3 + 6*i**2 - i. Suppose -63*t + 59*t = 8. Let d be t*2*(-3 + 2). What is h(d)?
-36
Suppose 150 = 3*w + 5*p, 3*w = 6*w + p - 138. Let z = 25 - w. Let u = z + 16. Let k(t) = t**3 + 5*t**2 + 5*t. Determine k(u).
-4
Let g(m) = 2*m**3 - 43*m**2 + 8*m. Let f(v) = v**3 - 29*v**2 + 7*v - 1. Let c(p) = 3*f(p) - 2*g(p). Give c(1).
0
Let u(a) = a**2 + 4*a + 5. Let k be (-20)/5 - -3 - -4. Suppose k*t + 12 = 0, 5*t = -2*b - 2*b. Suppose -5*v - 20 = 3*s, b*v - 5*s + 20 = -4*s. What is u(v)?
5
Let y(x) = 2*x**2 - 41*x + 23. Suppose 3*v = -3*h + 72, -4*h + 12 = -h. Let c be y(v). Let j(f) = -5*f**2 + f + 2. Determine j(c).
-40
Let r(h) be the second derivative of -4*h**3/3 - 7*h**2 + 420*h. What is r(-5)?
26
Let i(f) be the second derivative of 5*f**3/6 + f**2/2 + 25*f + 44. Suppose 5*j = l - 1 - 3, -5*l - 4 = -j. Calculate i(l).
-4
Suppose -j - 5 = 0, -2*j + 342 + 968 = 4*r. Let l = -337 + r. Let d(t) = t**3 + 6*t**2 - 9*t - 11. Determine d(l).
3
Let z(w) = w**3 + 5*w**2 + 7. Suppose -s + 8 = -4*t, -2*s + 25 = -0*s - 5*t. Let f = 16 - s. Let d be 136/(-28) + f/28. Determine z(d).
7
Let y = 12825 + -12824. Let z(d) = 27*d**2 + 3*d - 3. Determine z(y).
27
Let w(c) be the first derivative of -c**4/4 - 8*c**3/3 - c**2/2 - 10*c - 1274. Calculate w(-7).
-52
Suppose 31 = -8*y + 127. Suppose -y*l = -3*l - 36. Let k(g) = -9*g - l*g + g - 1 + 2*g. What is k(2)?
-21
Let l(a) = -4*a - 75. Let g be l(6). Let o = -112 - g. Let h(x) = x + 14. Determine h(o).
1
Let w(j) = -13*j. Let c(z) = 14*z + 1. Let a(k) = -5*c(k) - 6*w(k). Let q(d) = 40*d - 24. Let s(r) = 14*a(r) - 3*q(r). Suppose 0 - 10 = -5*y. Calculate s(y).
-14
Suppose -3*p + 156 = -4*c - 314, 4*c = p - 162. Suppose 9*w + 46 - p = 0. Let x be (-3)/(-7)*(w - 5). Let q(t) = -4*t + 3. Calculate q(x).
-9
Let d(g) be the first derivative of 5*g**3/3 - 2*g**2 - 3*g + 1. Let o = 182724 + -182726. Give d(o).
25
Suppose -30 = -2*v - 4*v. Let w(h) be the first derivative of -h**2/2 + h + 22. Give w(v).
-4
Let l(v) be the first derivative of 8*v**4 - v**3/3 + v**2/2 + 500. Calculate l(1).
32
Let f(i) = i**3 + 10*i**2 - 3*i - 35. Let g = 3767 + -3777. Give f(g).
-5
Let f(y) = 12*y**2 - 6*y - 23. Let g(b) be the third derivative of -b**5/12 + b**4/8 + 11*b**3/6 + 93*b**2. Let o(n) = 2*f(n) + 5*g(n). Determi